)/u + 56/6.
7
Let w = -3 - -19. Suppose -25 = f - 6*f, 5*f = 4*y + 17. Suppose 0*u + y*u = 60. Calculate the remainder when u is divided by w.
14
Suppose -4*c + 4 + 4 = -3*k, -3*k + 8 = 4*c. Suppose -4*j + 0 = c*f - 2, -f - 4*j = -1. Let w = f + 5. Calculate the remainder when 21 is divided by w.
3
Let t(w) = 2*w**3 - 8*w**2 + w + 6. Calculate the remainder when t(6) is divided by 41.
33
Let o = 9 - 8. Let d = 67 - 66. Calculate the remainder when o is divided by d.
0
Let o(v) = v**2 - 2*v - 1. Let t be o(-2). Suppose -2*d = -t*d - 5. What is the remainder when 24 is divided by 5*(-4)/(4/d)?
4
Let p = 1522 + -1279. What is the remainder when p is divided by 64?
51
Let v = -254 + 369. What is the remainder when v is divided by 29?
28
Suppose 7*p - p = 330. What is the remainder when 878 is divided by p?
53
Let q(b) = 2*b**2 + b. Let o be q(1). Suppose 0 = -5*a + 196 + 334. Suppose 4*h + a = o*z, -z + 32 = 2*h - 0*h. What is the remainder when z is divided by 9?
7
Suppose 0 = 53*p - 266030 + 75283. Calculate the remainder when p is divided by 40.
39
Calculate the remainder when 1318 is divided by -9 + 0 + 26 - 7.
8
Let g = 32 + -20. Let o be (-3)/(g/(-4))*-3. Let n = o - -7. Calculate the remainder when 11 is divided by n.
3
Suppose 10*m + 159 = 13*m. Let i = 57 - m. What is the remainder when 15 is divided by i?
3
Let g(t) = -t**3 - 18*t**2 + 22*t + 13. Let k be g(-19). Let s = k - -48. Calculate the remainder when 6/(-24) - 58/(-8) is divided by s.
3
What is the remainder when 19 is divided by 10/6 - (-20)/60?
1
Let h be (2 - 0 - 12)/(12/18). Let q(r) = -r**2 - 14*r + 22. Calculate the remainder when 14 is divided by q(h).
0
Suppose k + 44 = 5*k. Calculate the remainder when (-2)/4 + 425/10 is divided by k.
9
Let f(b) = b**3 - 7*b**2 - 10*b + 47. What is the remainder when 55 is divided by f(8)?
24
Let y(f) = 2*f + 18 - 10 - 11. Calculate the remainder when 76 is divided by y(7).
10
Calculate the remainder when 247 is divided by (-1 - -14)/((-162)/(-12) + -13).
13
Let s be (-3)/(31/(-76) - 9/(-36)). Let y = s - 9. Calculate the remainder when 29 is divided by y.
9
Let r(f) = -f**3 + 7*f**2 + 3*f + 31. Let l be r(8). Let t = 2 - -15. What is the remainder when (406/(-4) + 1)*6/l is divided by t?
16
Let w = 71 - 69. Suppose -r = -w*c + 59, -5*c + 4*r + 128 = -c. What is the remainder when c is divided by 4?
3
Suppose -84 = -3*h - 3*k, 3*k = 4*k. Let n = 4811 + -4800. Calculate the remainder when h is divided by n.
6
Suppose -84 = -5*x - 24. What is the remainder when 395 is divided by x?
11
Suppose -2*f - 4*p + 58 = 0, f - 5*f - 3*p + 116 = 0. Let x = f - -4. What is the remainder when x is divided by 9?
6
Suppose 28*x - 1045 = 9*x. Calculate the remainder when 201 is divided by x.
36
Let n = 957 + -948. Suppose h - 6 - 11 = 0. What is the remainder when h is divided by n?
8
Let c(m) = -m + 3. Let q be c(0). Suppose -5*y - q*o = -128, 0 = -y - 2*o - 3*o + 8. Calculate the remainder when y is divided by 11.
6
Let o be ((-6)/9)/(-1)*3. Let n(i) = i**3 + 6*i**2 - 2*i + 2. What is the remainder when n(-3) is divided by (-2 - -2*(-46)/(-8))*o?
16
Suppose 7*p + 24 = 8*p. Let w(h) = 6*h - 3. Let q be w(5). Let c = q - 14. Calculate the remainder when p is divided by c.
11
Suppose -101 = -8*y - 13. Suppose 1 + y = 3*d. Let j(c) = c**2 - 2*c - 2. Calculate the remainder when j(5) is divided by d.
1
Let z(n) = -n**2 - 9*n - 6. Suppose -2*p - 6 = 5*r - 4, -10 = 5*r. Calculate the remainder when p is divided by z(-8).
0
Calculate the remainder when 26/8 + 1*(-4)/16 is divided by (-8)/(-10)*5/2.
1
Let c be (-2*(-74)/(-8))/((-6)/12). Suppose z = 65 - c. What is the remainder when 83 is divided by z?
27
Suppose -f = 35 - 68. What is the remainder when 108 is divided by f?
9
Suppose 0 = 5*o - 0*o - 15. Suppose 2*a + 4*z = 64, 0 = 2*a + o*a - 2*z - 196. Calculate the remainder when 147 is divided by a.
33
Suppose 3*c + 3 = 36. Let p = c + -87. Let b = 147 + p. Calculate the remainder when b is divided by 18.
17
Let z(h) = -2*h**3 - 10*h**2 - 24*h - 5. Calculate the remainder when z(-5) is divided by 39.
37
Let y = 988 - 96. Calculate the remainder when y is divided by 112.
108
Let h = 524 + -511. Calculate the remainder when 142 is divided by h.
12
Suppose -3 - 17 = -2*l. Suppose 3*j + 71 = 335. Calculate the remainder when j is divided by (39/(-2))/((-15)/l).
10
Suppose 4*c + 3*x - 26 = 0, 3*c = -0*c + 2*x + 11. Suppose 2*w + 280 = c*b - 220, -2*b + w = -200. Calculate the remainder when b is divided by 26.
22
Suppose 0 = -3*y + 3*j + 39, 0*y - 5*y = 5*j - 65. Let p(x) = -27*x**2 - 1. Let c be p(-1). Let o = y - c. What is the remainder when o is divided by 21?
20
Let h(c) = -5*c - 2. Let s be h(-5). Let j = 49 - s. Suppose -4*v = -j - 306. Calculate the remainder when v is divided by 21.
20
Let d = -597 - -633. Calculate the remainder when 41 is divided by d.
5
Let b = 187 - 83. Calculate the remainder when b is divided by 9.
5
Let c(r) = -4*r**3 + 2*r**2 + 2*r. Let s be c(-1). Suppose 0 = -s*u - 4*o + 1484, -o + 1847 = 2*u + 3*u. Calculate the remainder when u is divided by 53.
51
Suppose 4*r = 2*r - 2*f + 70, 0 = 5*r - 3*f - 207. Let j = 60 + -35. Calculate the remainder when r is divided by j + (1 - 4) + -1.
18
Suppose -8*k + 0 + 184 = 0. What is the remainder when k is divided by 12?
11
Let c(n) = n**3 - 14*n**2 + 26. Let z(m) = 12*m - 27. What is the remainder when z(15) is divided by c(14)?
23
Let g(a) be the first derivative of a**3/3 - a + 4. Let v be g(2). Suppose -n + v*n = 50. What is the remainder when n is divided by 9?
7
Calculate the remainder when 0 - (-1)/(3/438) is divided by (-200)/(-150) + (-1)/3 - -14.
11
Let x = -25 - -30. Suppose i + 5*v - x = 0, i - 3*i + 3*v + 75 = 0. What is the remainder when i is divided by 8?
6
Suppose 2*t + 2*v - 240 = -t, t = -5*v + 93. Calculate the remainder when t is divided by 15*-8*2/(-12).
18
Calculate the remainder when 254 is divided by 5 - -16 - (5 + -13).
22
Let s = 213 - 32. Calculate the remainder when s is divided by 27.
19
Let z(o) = 2*o**3 + 36*o - 78. What is the remainder when 329 is divided by z(2)?
9
Let c(s) = s**3 - 28*s**2 - 26*s - 78. Let a = 7 + -2. What is the remainder when c(29) is divided by a?
4
Let o(t) be the first derivative of -27*t**2 - t + 2. Calculate the remainder when o(-4) is divided by 24.
23
Let l(b) = b**3 + 9*b**2 + 9*b + 3. What is the remainder when l(-7) is divided by (13 - 0) + (-1 - 2)?
8
Let f(q) = -2*q**3 + 14*q**2 + 4*q + 2. Calculate the remainder when f(6) is divided by (-609)/(-18) + ((-10)/12)/(-5).
30
Suppose -56*k = -1211 - 189. What is the remainder when 26 is divided by k?
1
Let n = -11 - -39. Suppose 2476 + 1574 = 30*m. What is the remainder when m is divided by n?
23
Let l = 5 + -2. Suppose 0 = -i - 3*b - 3 - 7, -l*b = 5*i + 2. Let t = i + 4. What is the remainder when 29 is divided by t?
5
Let i(x) = -x**2 - 6*x + 42. Let c be i(-10). Suppose 4 = 2*o, -c*o - 83 = -w - 4*o. Calculate the remainder when w is divided by 21.
16
Suppose -5*p + 408 = -4*w, -4*p - 12*w + 316 = -10*w. What is the remainder when p is divided by 9?
8
Suppose -35*x + 6246 = 1766. What is the remainder when x is divided by 37?
17
Let v(t) be the third derivative of 2*t**4/3 - 17*t**3/3 + 23*t**2. Calculate the remainder when v(8) is divided by 16.
14
What is the remainder when ((-2)/6)/((-2)/228) is divided by ((-3)/((-18)/(-10)))/(8/(-48))?
8
Let v(a) = -a**2 + a + 19. Let p = 20 + -16. Let l be (0*p/(-16))/2. What is the remainder when 73 is divided by v(l)?
16
Suppose -41 - 35 = -5*d + 2*w, 2*w - 68 = -4*d. Suppose -30 = -2*g + 4*y, 2*g - 3*y - d = 12. Suppose 9 = c - g. What is the remainder when c is divided by 11?
9
Let s = -219 - -336. Calculate the remainder when 223 is divided by s.
106
Suppose 10*f = 1826 + 784. Calculate the remainder when f is divided by 51.
6
Let f be (-16)/6*(-153)/(-6). Let h = 101 + f. Let o(a) = 2*a + 1. What is the remainder when h is divided by o(4)?
6
Let y(m) = m**2 - 11*m - 2. Let t be y(10). Let u(b) = -b**3 - 13*b**2 - 12*b + 19. Calculate the remainder when (-14)/21*-54*1 is divided by u(t).
17
Let q(k) = 373*k**3 - 2*k**2 + 5*k + 2. Let y be q(2). Suppose -21*u + 3*u = -y. Calculate the remainder when u is divided by 28.
26
Suppose -